+ 194. Let o be f(31). Calculate the highest common factor of 444 and o.
4
Suppose -9*t + 111 - 345 = 0. Let l be (-2284)/t + -5*(-4)/130. Calculate the highest common divisor of 16 and l.
8
Let p be 2 + ((-4)/6)/((-6)/14832). What is the highest common divisor of p and 225?
75
Suppose 8*g = 11*g - 27. Let s be (-112)/(0 - -4 - g - -3). Calculate the highest common divisor of 8 and s.
8
Suppose 0 = 2*f + j - 12, 0*j = -2*f - 4*j + 18. Suppose -k - 1629 = -4*c, -1061 - 982 = -f*c - k. Calculate the highest common divisor of 24 and c.
24
Let r = -593 + 221. Let b = r + 401. What is the greatest common divisor of 203 and b?
29
Let k = -7313 + 7358. Calculate the highest common divisor of 1188 and k.
9
Suppose -350*u - 35 = -355*u, -5*b - 4*u + 73 = 0. Let r = 10 + 8. Calculate the greatest common factor of b and r.
9
Let s(l) = -l**3 - 44*l**2 - 64*l - 2320. Let j be s(-44). Calculate the greatest common divisor of j and 9176.
248
Suppose -2*t + 58 = -r, -t + 2*r + 24 + 8 = 0. Let b be -6*(-2)/3 - (-100)/10. Calculate the greatest common factor of b and t.
14
Suppose 0 = 190*l - 377*l + 55913. Calculate the highest common factor of 483 and l.
23
Suppose 0*m + 33 = -4*j + 5*m, 0 = 5*m + 15. Let p be (j/(-5))/((-22)/(-165)). Calculate the highest common factor of 9 and p.
9
Suppose -4*p + 10*p = 780. Let v(z) = 2*z - 24. Let i be v(15). Suppose -98 - i = -2*t. What is the highest common factor of p and t?
26
Let t be (-237717)/(-305) + 15/25. Calculate the highest common factor of t and 40.
20
Suppose 260 = 6*i + 14*i. Calculate the highest common divisor of 16783 and i.
13
Let z(u) = 26*u**2 + 2*u + 2. Suppose 0 = -8*n - 49 + 17. Let v be z(n). What is the highest common divisor of 246 and v?
82
Let c be ((-6)/(-4))/(3/(-364)). Let p = -165 - c. What is the highest common factor of 408 and p?
17
Suppose 0 = -g + 3*n + 107, 4*g - 263 = 2*n + 195. Suppose -g*j + 33 = -113*j. What is the greatest common divisor of j and 209?
11
Suppose 2*x + 18 = 8*w - 7*w, 5*w - 3*x = 76. Let v = 327 - 215. Calculate the highest common divisor of v and w.
14
Let u be 85/51 - 7327/(-3). Suppose -18*x = -14*x - u. What is the highest common divisor of x and 13?
13
Suppose 8*f + 10 = 106. Suppose -2*q = -4*v + 96, -3*q = 5*v - 33 - 87. Calculate the highest common divisor of f and v.
12
Suppose z - 12 = -g, 13 + 35 = 4*g - 4*z. Let n(p) = 20*p - 75. Let w be n(g). What is the highest common divisor of 45 and w?
15
Let r = 25862 + -25700. What is the highest common divisor of r and 1104?
6
Let g be -4 + (0 - 3 - -7). Let s(d) = -17*d - 26 + d**2 + 46 + 25 + 18*d. Let x be s(g). What is the highest common factor of x and 9?
9
Let w be 7202*(840/260)/7. What is the greatest common factor of w and 48?
12
Suppose 4*y - 2*d - 310 = 0, -4*y + d - 235 = -7*y. Suppose 4*n = 170*p - 168*p - 410, -p + 210 = -3*n. What is the greatest common divisor of p and y?
39
Suppose -3*x - 5 = -5*v + 5, 0 = -2*v + 3*x + 4. Suppose -v*l - 3*d = -49, d - 5*d + 76 = 3*l. Calculate the greatest common divisor of 16 and l.
16
Let l = -558 + 563. Let d(n) = -n**2 + 41*n - 159. Let r be d(l). What is the greatest common factor of r and 343?
7
Let h = 74 + -76. Let s(b) = 4*b**2 + 3*b + 2. Let v be s(h). Calculate the highest common divisor of v and 60.
12
Suppose -3*n = 4*v - 59, 4*n = 12 + 8. Calculate the highest common divisor of v and 5401.
11
Let v(a) = a**3 + 24*a**2 - 7*a - 535. Let j be v(-23). Calculate the highest common divisor of 1891 and j.
31
Let u be (-78)/(-6) + -2 + 0. Let a(b) = 55*b + 11*b**2 + 61 - 18*b**2 + 5*b**2. Let h be a(28). Calculate the highest common factor of h and u.
11
Let f(y) = 2*y + 10. Let i be f(4). Suppose -22*d = -i*d - 192. Calculate the greatest common divisor of 240 and d.
48
Let f(p) = -5*p**2 - 20*p - 14. Let z be f(-11). Let o = z - -1011. What is the greatest common divisor of 17 and o?
17
Suppose 0 = 8*a - 424 - 34 + 74. Calculate the highest common divisor of 5 and a.
1
Let y be (-2)/(-4) + (-39)/(-2). Let c be y/(-8)*(-2 - 0). Let f be ((-2)/(-6))/(-4*(-3)/1980). What is the highest common factor of c and f?
5
Suppose -8*l = -15*l - 1512. Let r = 251 + l. What is the highest common factor of r and 7?
7
Suppose 0 = -77*k - 39*k + 930552. What is the highest common factor of k and 6?
6
Suppose 132 = 2*f - 318. What is the greatest common factor of f and 975?
75
Suppose -15*j + 46*j = 165354. What is the greatest common divisor of j and 21?
21
Let g(a) = 11*a + 4. Let n be g(3). Suppose 0 = 17*x + 587 - 1335. Let z = x - n. Calculate the highest common factor of 7 and z.
7
Suppose 183 = 3*m + 2*h + h, 3*m - 3*h - 177 = 0. What is the highest common divisor of 1220 and m?
20
Let o(x) = -x**2 + 24*x - 92. Let d be o(5). Suppose 11*j - 15*j - 16 = -c, -2*j - 58 = -d*c. What is the highest common divisor of c and 180?
20
Let z be (-2 + 203/(-2))/(57/(-836)). Suppose 0 = -3*u + 26*u - z. Let n = 14 + -8. What is the greatest common factor of u and n?
6
Let r = -7796 + 7813. Calculate the greatest common factor of r and 8891.
17
Let y(x) = -1181*x + 191. Let d be y(-2). Calculate the highest common divisor of d and 444.
111
Let a = -8906 - -8909. Suppose -3*m + 13 + 2 = 0. Suppose -3*j - 9 = 0, 2*s - m*j - 4 - 53 = 0. What is the greatest common factor of s and a?
3
Let t = -48 + 102. Let w be -3 + 142 - (21 - 26). What is the greatest common factor of w and t?
18
Suppose 26*v = 24*v + 2. Let m be (99 - 6) + (-1)/v. Suppose 3*t + m = 7*t. Calculate the greatest common divisor of t and 46.
23
Let u(v) = -v**2 - 5*v + 1. Let w be u(-4). Suppose 0 = w*g - 11 - 19. What is the highest common divisor of 30 and g?
6
Let j(s) = 9*s + 23. Let f be j(-3). Let h be f/2 - (-1114)/2. Suppose -y - 5*c = -158, -2 = -4*y + 5*c + h. Calculate the highest common factor of 13 and y.
13
Suppose -4*f + 8*f - 3*k - 637 = 0, 2*k + 478 = 3*f. Let o = 214 - f. Suppose 117 - 9 = 3*u. Calculate the highest common divisor of u and o.
18
Suppose -105*q + 144 = -97*q. Suppose -x + 4*y = -40, -108 - 140 = -5*x - 4*y. Calculate the greatest common divisor of q and x.
6
Let g = 2 + 58. Let n(o) = -2*o**2 + 299*o - 9940. Let r be n(50). What is the highest common divisor of r and g?
10
Let u be (1 + 3)/((-8)/60). Let o be (0 - u) + (-7 - -5). Let k be -1 + 10 + 7 + 3 + -12. What is the greatest common factor of k and o?
7
Let i(r) = 3*r. Let m be i(-6). Let v be m/(-33) + 2892/22. Calculate the greatest common factor of v and 84.
12
Suppose -11*a + 141 + 57 = 0. What is the greatest common factor of a and 186?
6
Suppose 4*r = -3*d + d - 10, d = -4*r - 9. Let w be r + 2 + (794 - (1 - 0)). Calculate the greatest common divisor of 13 and w.
13
Suppose -17*s + 14*s + 105*s - 6426 = 0. Calculate the highest common factor of s and 623.
7
Suppose -2*p - 19 = -103. Suppose -900 = -37*a + 2171. Let r be (1 + 4)/(a/6 + -13). Calculate the greatest common divisor of r and p.
6
Let m be (((-672)/126)/((-2)/(-69)))/((-4)/6). Suppose 0 = -3*q - 13 + 49. Calculate the greatest common factor of m and q.
12
Let h(d) = 10*d - 33. Let x be h(2). Let f be x - -13 - 6/(-1). Calculate the highest common divisor of f and 4.
2
Let g = 7 - 0. Suppose -8*b = -g*b. Suppose 65 = -b*n + 5*n - 5*m, 2*n + 4*m = 44. What is the greatest common divisor of 24 and n?
8
Let i(j) = 829*j**2 - 33*j + 34. Let b be i(1). Let s = b - 752. Calculate the highest common divisor of 6 and s.
6
Let o(b) = 71*b**3 + 4*b**2 + 37*b - 42. Let h be o(1). What is the highest common factor of h and 2954?
14
Let n = -86 - -762. Let q = -649 + n. Calculate the greatest common factor of q and 171.
9
Let j(v) = -v**3 - 20*v**2 - 36*v + 30. Let q be j(-18). Suppose -g = 31*l - 30*l - 508, 3*l - 1520 = -5*g. What is the greatest common factor of q and l?
30
Suppose 102*d - 110464 - 38329 = 263491. What is the highest common factor of d and 86?
86
Let c(g) = -341*g + 923. Let d be c(-5). What is the highest common divisor of 24 and d?
12
Let p = 690 - 548. Suppose 4*u - 6*b + b - p = 0, 5*u - 192 = -b. What is the highest common divisor of 608 and u?
38
Suppose -127*l - 3370 - 6998 = -79583. What is the highest common factor of 109 and l?
109
Let w(o) = 7*o**3 - 2*o**2 + 3*o - 8. Let t be w(2). Suppose 0 = 3*h + 5*n - 56, 5*h - 30 = -4*n + t. Ca